+ t. What is the highest common factor of z and 4?
4
Let d be -1 + 5/4 + ((-10857)/(-44) - 12). Calculate the highest common divisor of d and 365.
5
Let q = 962 + -926. Let g(w) = 52*w - 3. Let s be g(3). What is the highest common factor of q and s?
9
Suppose b + 6 = 0, -18*i + 22*i + b = 346. Let q be 5*3/((-15)/(-22)). Calculate the greatest common divisor of q and i.
22
Suppose -4*p - 164 = -4*k, 0 - 9 = -3*p. Suppose -14 = 5*z - k. Let h be (-27)/(-21) + -1 - 460/(-7). What is the greatest common factor of h and z?
6
Let v(p) be the second derivative of p**4/6 - 61*p**3/6 + 35*p**2 + 103*p. Let r be v(30). What is the highest common factor of 180 and r?
20
Let q be 186*(-5 + 8 + -4). Let l = -150 - q. What is the highest common factor of l and 126?
18
Let c(r) = -38 - 4*r**3 - 3*r**3 + 6*r**3 - r + 87 + 5*r**2. Let z be c(6). Calculate the greatest common divisor of 2 and z.
1
Suppose -220 = -5*c + 125. Let l = c + -65. Suppose 0 = -l*q - 2*r - r + 55, 3*r = -5*q + 71. Calculate the greatest common divisor of q and 16.
16
Let m(p) = p**2 - 551*p - 12604. Let d be m(-22). Suppose -21 + 57 = 2*h. What is the highest common divisor of d and h?
2
Suppose 0 = 2*t + 3*h + 17, 7*h - 11 = 2*t + 4*h. Let i = 1 - t. Suppose 2*m = i*m - 420. Calculate the highest common divisor of 10 and m.
10
Let n be 91/21 - (-2)/((-30)/(-25)). Suppose -l + 46 = n. Calculate the greatest common divisor of l and 15.
5
Let d be (-1*(-10 - -3))/((-13)/(-1001)). What is the highest common divisor of d and 245?
49
Let q(f) = -2711*f - 173. Let w be q(-2). Calculate the highest common divisor of w and 29.
29
Suppose 5*a + 123 = 3*c, -2*c + a = -5*c + 159. What is the highest common divisor of 901 and c?
17
Let h be ((-40)/50)/(6/10 - 48/78). What is the greatest common factor of 3068 and h?
52
Let a be ((-1218)/12)/((-7)/14). What is the greatest common factor of 8729 and a?
203
Let g(u) = 366*u**2 + 162*u + 5. Let x be g(-2). Calculate the highest common factor of x and 45.
5
Suppose 0 = 38*z - 167 - 1087. What is the highest common factor of z and 583?
11
Suppose v - 26 - 109 = 0. Let t be (-677)/(-25) + 336/(-4200). Calculate the highest common divisor of v and t.
27
Let x = -1044 - -1046. Calculate the highest common factor of 103 and x.
1
Let j be 6/(-2)*16/(-3). Let w be -90 + 83 + (-5 - -2). Let r = j + w. Calculate the highest common divisor of 6 and r.
6
Let n = 10697 - 10691. Suppose -12 = -0*c + 4*c, 5*c - 267 = -2*z. Calculate the greatest common factor of n and z.
3
Let l(z) = 12*z - 98. Let o(m) = 2*m**3 - 10*m**2 + m + 4. Let x be o(5). Let c be l(x). Calculate the highest common divisor of 410 and c.
10
Suppose 0*s + 5*h + 57 = 2*s, -3*h - 9 = 0. Suppose s - 373 = -8*u. What is the highest common factor of 319 and u?
11
Let s(p) = -2*p**3 + 76*p**2 + 22*p. Let m be s(34). What is the greatest common divisor of 408 and m?
204
Suppose 0 = -j - 3*j + 24. Suppose 8*n - 10*n + j = 0. Calculate the highest common factor of n and 24.
3
Suppose 5*u = 2*r - 78, -u = 2*r - 0*r - 66. Suppose c - 45 = -5*b - 8, -r = -5*b - 2*c. What is the highest common factor of 16 and b?
8
Let a be (14 - 23)*(-6)/27. Let d be (a - (15 - 0))*(3 - 6). Calculate the greatest common divisor of d and 26.
13
Suppose -28*k - 8*k + 3201 + 1335 = 0. What is the greatest common divisor of k and 1596?
42
Let j(z) = 7*z**3 + 11*z - 6*z**2 - z**2 - 10 - 6*z**3. Let y be j(6). Calculate the highest common divisor of 5 and y.
5
Let w(u) = -u**3 + 9*u**2 - 6*u - 5. Let v be w(8). Let x = -3 + 242. Let l = x - 184. Calculate the highest common divisor of l and v.
11
Let c(q) = -27*q + 3141. Let h be c(94). What is the highest common divisor of 153 and h?
9
Let o be 20916/54*((-24)/(-28) - 0) - 0. Calculate the highest common factor of 8881 and o.
83
Let p(k) be the first derivative of k**2 + 43*k - 211. Let j be p(-17). Calculate the highest common divisor of j and 1125.
9
Let d be (-4)/16*(-7 - 1). Let n be (-138)/d + 13 + -11. Let i = n - -74. What is the highest common factor of 133 and i?
7
Let p be 61 - 35 - 1/2*0. Suppose 48 = 34*j - p*j. Let n(z) = z**3 + 2*z**2 - 1. Let l be n(1). What is the highest common divisor of j and l?
2
Let n(o) = 3 - 3 + o - 1. Let c be n(7). Suppose 2*z - 24 - c = 0. What is the highest common factor of z and 105?
15
Let a = -64 + 176. Suppose 14*x + 4*x = 504. What is the greatest common factor of x and a?
28
Suppose -13 = 3*h + h - 5. Suppose -k = -2*k - 3*c - 8, c = -4*k + 12. Let p be 19 + k + (1 - (h - 0)). What is the greatest common factor of 13 and p?
13
Let v be 12/(-10)*5/(-2). Suppose -p - 767 = -5*p + 5*c, 975 = 5*p - v*c. Let t be (-117)/819 - 127/(-7). Calculate the greatest common factor of t and p.
18
Let j be -2332*(0 - 8/(-24))*-12. What is the highest common factor of 48 and j?
16
Let u = 16 - 8. Let w = 15900 + -15900. Suppose w*l + u*l = 1152. What is the greatest common factor of l and 16?
16
Suppose 4*m - 283 = -387. Let v(l) = l**2 + 25*l + 46. Let c be v(m). Calculate the highest common divisor of c and 48.
24
Suppose 9*o - 11*o + 5*t = -249, -3*t + 321 = 3*o. What is the greatest common divisor of o and 42?
14
Suppose 58*z = 52*z + 1284. Let p = 226 - z. Suppose 0 = 2*s - 7 + 1. Calculate the highest common divisor of p and s.
3
Let s(t) = t - 3. Let u be s(4). Let d be u/3 + (-70)/(-15). Suppose -11 = -q + 5*g, -59 = -3*q - q + d*g. What is the highest common factor of q and 1?
1
Suppose -12 = -4*n, -5*i + 100*n - 101*n = -108. What is the greatest common divisor of 14574 and i?
21
Let h = -1377 + 1422. Calculate the highest common factor of h and 468.
9
Suppose 5*t = 4*v + 330, 0*t + 4*t - 305 = -5*v. Suppose 109*d + t = 114*d. What is the highest common factor of d and 266?
14
Let z(k) = -k - 21. Let f be z(-4). Let p = f + 25. Let h be (-76)/2*(-2)/p*2. Calculate the highest common factor of h and 152.
19
Let c = -433 + 428. Let p(r) = r**3 + 6*r**2 + 2*r + 9. Let f be p(c). What is the highest common factor of f and 492?
12
Let w = 2830 - 2793. What is the highest common factor of w and 5143?
37
Suppose -4*q + 20 = 0, 2*v = -0*q + 4*q + 1540. Let j be (-18139)/(-748) + ((-54)/24)/9. What is the greatest common factor of v and j?
12
Suppose 3*i = -2*t + 15919, 2*t + 217*i - 15975 = 222*i. Calculate the highest common divisor of t and 5.
5
Let c(v) = 2*v**2 + 10*v + 3. Let z be -3*((115/15 - 1) + -4). Let q be c(z). Calculate the highest common divisor of 204 and q.
51
Suppose 24*z = 960 + 24. Suppose 2660 = z*q - 34*q. Calculate the highest common divisor of 20 and q.
20
Suppose -161*h = -203*h + 1638. Calculate the greatest common divisor of 291 and h.
3
Suppose -4*h = -5*h - 15. Let y be (-6 + (-100)/h)*(-12)/(-1). Suppose 0 = y*n - 41 - 159. What is the highest common factor of 275 and n?
25
Let l be (-285)/(-1045)*(276 - 1). What is the highest common factor of 11400 and l?
75
Let d be -2 + 1 + 326 + -1. Suppose z - 4*c + 32 = 0, 0 = 5*z + 192*c - 186*c - 126. Calculate the greatest common factor of d and z.
12
Let g = 132 + 148. Let a(j) = 2*j**2 + 171*j + 885. Let f be a(-5). What is the greatest common factor of g and f?
40
Suppose -400*u + 6084 = 107*u. What is the highest common divisor of u and 7500?
12
Suppose 24 = 3*s - 0*s. Let y be (((-4)/(-26))/((-68)/(-32266)))/(4/32). What is the greatest common factor of s and y?
8
Let w be (-3)/(((-9)/(-130))/(-3)). Let t(c) = 2*c**2 + 40*c - 14240. Let f be t(-95). What is the highest common divisor of f and w?
10
Suppose 0 = 5*t + 5*a - 2*a - 39, t - 21 = -5*a. Suppose -57*p + 889 = -593. Calculate the highest common factor of p and t.
2
Let b be (-1 - -43)/((-31)/(-1643)). What is the greatest common factor of 126 and b?
42
Let b(j) = -7*j - 1787 + 0*j**2 + 1785 + 2*j**2. Let l = -2 - -6. Let h be b(l). Calculate the greatest common factor of 2 and h.
2
Suppose -n + 384 = -136. Suppose 25*d - n = -d. Calculate the greatest common divisor of 10 and d.
10
Let u be ((-12)/20)/1 + 236/10. Suppose 0*i + u*i = 4692. Calculate the highest common divisor of 48 and i.
12
Let y(v) = -6*v + 3. Let b be y(-4). Let f be 14/(-63) - (-141)/b. Suppose j - 3*j + 2 = 0, m = f*j + 31. What is the highest common divisor of m and 12?
12
Suppose 897 = -1000*v + 1013*v. Suppose -5*w + 330 = 5*q